{"id":94,"date":"2023-01-04T19:07:33","date_gmt":"2023-01-05T00:07:33","guid":{"rendered":"https:\/\/fodepa.com.co\/?page_id=94"},"modified":"2025-10-31T08:07:24","modified_gmt":"2025-10-31T13:07:24","slug":"creditos","status":"publish","type":"page","link":"https:\/\/fodepa.com.co\/index.php\/creditos\/","title":{"rendered":"Cr\u00e9ditos"},"content":{"rendered":"\n<h2 class=\"wp-block-heading has-text-align-center\"><strong>Tasas de colocaci\u00f3n<\/strong> <\/h2>\n\n\n\n<figure class=\"wp-block-gallery aligncenter has-nested-images columns-default is-cropped wp-block-gallery-1 is-layout-flex wp-block-gallery-is-layout-flex\">\n<figure class=\"wp-block-image aligncenter size-large\"><img loading=\"lazy\" decoding=\"async\" width=\"769\" height=\"1024\" data-id=\"423\" src=\"https:\/\/fodepa.com.co\/wp-content\/uploads\/2025\/10\/Actualizacion-Tasas-769x1024.png\" alt=\"\" class=\"wp-image-423\" srcset=\"https:\/\/fodepa.com.co\/wp-content\/uploads\/2025\/10\/Actualizacion-Tasas-769x1024.png 769w, https:\/\/fodepa.com.co\/wp-content\/uploads\/2025\/10\/Actualizacion-Tasas-225x300.png 225w, https:\/\/fodepa.com.co\/wp-content\/uploads\/2025\/10\/Actualizacion-Tasas-768x1022.png 768w, https:\/\/fodepa.com.co\/wp-content\/uploads\/2025\/10\/Actualizacion-Tasas.png 1040w\" sizes=\"auto, (max-width: 769px) 100vw, 769px\" \/><\/figure>\n<\/figure>\n\n\n\n<h2 class=\"wp-block-heading\"><strong>L\u00edneas de cr\u00e9dito<\/strong><\/h2>\n\n\n\n<p class=\"has-text-align-right\"><strong><a href=\"https:\/\/fodepa.com.co\/wp-content\/uploads\/2023\/11\/ACUERDO-02-2022-REGLAMENTO-CREDITO.pdf\" data-type=\"attachment\" data-id=\"361\">Reglamento de cr\u00e9dito<\/a><\/strong><\/p>\n\n\n\n<figure class=\"wp-block-table alignwide is-style-stripes\"><table><thead><tr><th class=\"has-text-align-left\" data-align=\"left\">L\u00ednea                                                                                                                                                    <\/th><th class=\"has-text-align-left\" data-align=\"left\">Destino<\/th><th>Requisitos<\/th><\/tr><\/thead><tbody><tr><td class=\"has-text-align-left\" data-align=\"left\"><strong>Libre inversi\u00f3n<\/strong><\/td><td class=\"has-text-align-left\" data-align=\"left\">Bajo esta modalidad se otorgan cr\u00e9ditos con el fin de satisfacer necesidades corrientes del asociado o su n\u00facleo familiar, que propenda por mejorar sus condiciones de vida y sin comprometerse a dar un destino o inversi\u00f3n espec\u00edfico al mismo.<\/td><td><strong>MONTO M\u00c1XIMO: <\/strong>Hasta cien (100) SMMLV.<br><strong>ANTIG\u00dcEDAD: <\/strong>Para tener derecho a este cr\u00e9dito se requiere una permanencia m\u00ednima en FODEPA de tres (3) meses continuos contados a partir de la fecha de ingreso o reingreso.<br><strong>PLAZO: <\/strong>Hasta ochenta y cuatro (84) meses, o ciento sesenta y ocho (168) Quincenas. Puede autorizar abonos contra las primas semestrales, estos deber\u00e1n ser por caja.<br><strong>INTER\u00c9S: <\/strong>Ser\u00e1n fijados por la Junta Directiva, de acuerdo a la fluctuaci\u00f3n del mercado.<br><strong>GARANT\u00cdAS: <\/strong>Aportes sociales, ahorros, prestaciones sociales, el asociado deber\u00e1 firmar un pagar\u00e9 en blanco con su respectiva carta de instrucciones.<\/td><\/tr><tr><td class=\"has-text-align-left\" data-align=\"left\"><strong>Calamidad<\/strong><\/td><td class=\"has-text-align-left\" data-align=\"left\">Este cr\u00e9dito se ofrece con la intenci\u00f3n de cubrir una calamidad (se define como calamidad: suceso fortuito o inesperado que causa p\u00e9rdidas o sufrimientos al asociado de manera inesperada).<br>Se tendr\u00e1 en cuenta las siguientes situaciones:&nbsp;<br>1)&nbsp;&nbsp;&nbsp; P\u00e9rdida de la vivienda por un desastre natural (terremoto, incendio, deslizamiento, fallas estructurales de la vivienda, inundaciones).<br>2)&nbsp;&nbsp;&nbsp; P\u00e9rdida de la totalidad de los enseres por incendio, desastre natural o hurto comprobado.<br>3)&nbsp;&nbsp;&nbsp; Desplazamiento forzado.<br>4)&nbsp;&nbsp;&nbsp; P\u00e9rdida del c\u00f3nyuge, compa\u00f1ero permanente o parientes dentro del cuarto grado de consanguinidad, segundo de afinidad o primero civil.<\/td><td><strong>MONTO M\u00c1XIMO:<\/strong> Hasta diez (10) SMMLV.<br><strong>ANTIG\u00dcEDAD:<\/strong> M\u00ednimo tres (3) meses de ingreso o reingreso a FODEPA.<br><strong>PLAZO:<\/strong> Hasta treinta y seis (36) meses, o setenta y dos (72) Quincenas.<br><strong>INTERESES:<\/strong> Ser\u00e1n fijados por la Junta Directiva, de acuerdo a la fluctuaci\u00f3n del mercado.<br><strong>GARANT\u00cdAS.<\/strong> Aportes sociales, ahorros, prestaciones sociales, el asociado deber\u00e1 firmar un pagar\u00e9 en blanco con su respectiva carta de instrucciones. Dependiendo de la cuant\u00eda el \u00f3rgano competente podr\u00e1 exigir pignoraci\u00f3n de cesant\u00edas e hipoteca o codeudor.&nbsp;<br><strong>APROBACI\u00d3N:<\/strong> Estos cr\u00e9ditos ser\u00e1n aprobados por la gerencia de acuerdo con el presente Reglamento.&nbsp;<\/td><\/tr><tr><td class=\"has-text-align-left\" data-align=\"left\"><strong>Educaci\u00f3n<\/strong><\/td><td class=\"has-text-align-left\" data-align=\"left\">El cr\u00e9dito educativo tiene como finalidad procurar el mejoramiento educativo del asociado o de su n\u00facleo familiar dentro del cuarto grado de consanguinidad, segundo de afinidad o primero civil. Se otorga para sufragar los gastos de pagos de matr\u00edculas, pagos de pensiones, adquisici\u00f3n de libros, uniformes y \u00fatiles escolares, transporte escolar y derechos de grado, para los diferentes niveles de educaci\u00f3n formal e informal.<br><\/td><td><strong>MONTO M\u00c1XIMO: <\/strong>Valor establecido en liquidaci\u00f3n de matr\u00edcula, o factura.<br><strong>ANTIG\u00dcEDAD: <\/strong>M\u00ednimo un (1) mes de ingreso o reingreso a FODEPA.<br><strong>PLAZO: <\/strong>Hasta doce (12) meses, o veinticuatro (24) Quincenas.<br><strong>INTERESES: <\/strong>Ser\u00e1n fijados por la Junta Directiva, de acuerdo a la fluctuaci\u00f3n del mercado.<br><strong>GARANT\u00cdAS. <\/strong>Aportes sociales, ahorros, prestaciones sociales, el asociado deber\u00e1 firmar un pagar\u00e9 en blanco con su respectiva carta de instrucciones.<br><strong>ANEXOS: <\/strong>Acreditar mediante constancias y\/o documentos id\u00f3neos como \u00f3rdenes de matr\u00edcula, talonarios de pago de pensiones.<br>&nbsp;<br><strong>PAR\u00c1GRAFO 1: <\/strong>Este ser\u00e1 desembolsado directamente a la instituci\u00f3n educativa.<\/td><\/tr><tr><td class=\"has-text-align-left\" data-align=\"left\"><strong>Unificaci\u00f3n de deudas<\/strong><\/td><td class=\"has-text-align-left\" data-align=\"left\"><strong>\u201c<\/strong>FODEPA\u201d conceder\u00e1 bajo esta modalidad, cr\u00e9ditos con destino a la liberaci\u00f3n de deudas que el asociado tenga con entidades externas con el \u00e1nimo de unificar sus cr\u00e9ditos.<\/td><td><strong>MONTO M\u00c1XIMO: <\/strong>Hasta ciento cincuenta (150) SMMLV.<br><strong>ANTIG\u00dcEDAD: <\/strong>M\u00ednimo seis (6) meses de ingreso o reingreso a FODEPA.<br><strong>PLAZO: <\/strong>Hasta ochenta y cuatro (84) meses, o ciento sesenta y ocho (168) Quincenas.<br><strong>INTERESES: <\/strong>Ser\u00e1n fijados por la Junta Directiva, de acuerdo a la fluctuaci\u00f3n del mercado.<br><strong>ANEXOS: <\/strong>El asociado deber\u00e1 presentar proyecto de inversi\u00f3n, certificado o \u00faltimo extracto de las deudas y todos los documentos que sean necesarios para sustentar la inversi\u00f3n.<br><strong>GARANT\u00cdAS. <\/strong>Aportes sociales, ahorros, prestaciones sociales, el asociado deber\u00e1 firmar un pagar\u00e9 en blanco con su respectiva carta de instrucciones. Dependiendo de la cuant\u00eda el \u00f3rgano competente podr\u00e1 exigir pignoraci\u00f3n de cesant\u00edas e hipoteca o codeudor.<\/td><\/tr><tr><td class=\"has-text-align-left\" data-align=\"left\"><strong>Ordinario<\/strong><\/td><td class=\"has-text-align-left\" data-align=\"left\">Bajo esta modalidad se otorgan cr\u00e9ditos de consumo de convenio con proveedores de FODEPA con el fin de satisfacer necesidades corrientes del asociado o su n\u00facleo familiar.<br>&nbsp;<\/td><td><strong>MONTO M\u00c1XIMO: <\/strong>Hasta cinco (5) SMMLV.<br><strong>ANTIG\u00dcEDAD: <\/strong>Para tener derecho a este cr\u00e9dito se requiere una permanencia m\u00ednima en FODEPA de un (1) mes contados a partir de la fecha de ingreso o reingreso.<br><strong>PLAZO: <\/strong>Hasta treinta y seis (36) meses, o setenta y dos (72) Quincenas. Puede autorizar abonos contra las primas semestrales.<br><strong>INTER\u00c9S: <\/strong>Ser\u00e1n fijados por la Junta Directiva, de acuerdo a la fluctuaci\u00f3n del mercado.<br><strong>GARANT\u00cdAS: <\/strong>Aportes sociales, ahorros, prestaciones sociales, el asociado deber\u00e1 firmar un pagar\u00e9 en blanco con su respectiva carta de instrucciones.<\/td><\/tr><tr><td class=\"has-text-align-left\" data-align=\"left\"><strong>Cuota \u00fanica<\/strong><\/td><td class=\"has-text-align-left\" data-align=\"left\">El cr\u00e9dito con la prima o quinquenios se otorgar\u00e1 al asociado que en el momento de la solicitud del cr\u00e9dito no tengan comprometidos sus aportes sociales con otro cr\u00e9dito.<\/td><td><strong>MONTO M\u00c1XIMO: <\/strong>Hasta el 80% de sus aportes sociales al momento de la solicitud, supeditado al 100% del valor de la prima o del quinquenio. o el 80% de la prima o quinquenio siempre y cuando sea descuento por n\u00f3mina.<br><strong>PLAZO M\u00c1XIMO DE PAGO: <\/strong>hasta doce (12) meses de la fecha del pago de la remuneraci\u00f3n afectada.<br><strong>INTER\u00c9S: <\/strong>ser\u00e1n fijados por la junta directiva de acuerdo a la fluctuaci\u00f3n del mercado y ser\u00e1 el cr\u00e9dito de mayor inter\u00e9s: cuando no se cumpla con la obligaci\u00f3n el inter\u00e9s de mora ser\u00e1 el m\u00e1ximo permitido por usura.<br><strong>GARANT\u00cdAS: <\/strong>constituir\u00e1n una garant\u00eda efectiva sus aportes sociales y ahorros que el asociado tenga depositados en FODEPA. Adem\u00e1s, el asociado deber\u00e1 firmar un pagar\u00e9 en blanco con su respectiva carta de instrucciones donde autoriza el reporte por descuento ordinario en caso de incumplimiento. Sin perjuicio de las acciones legales a que se haga acreedor.<br><strong>PAR\u00c1GRAFO 1: <\/strong>para el desembolso del cr\u00e9dito con quinquenio se requiere carta laboral y comprobante del ultimo pago de quinquenio anterior, en el caso que aplique.<\/td><\/tr><\/tbody><\/table><figcaption class=\"wp-element-caption\"><strong>Todos nuestros cr\u00e9ditos tienen Afianzadora y seguro de vida deudor<\/strong><\/figcaption><\/figure>\n\n\n\n<p><strong>PAR\u00c1GRAFO: <\/strong>cuando exista disponibilidad presupuestal y se presenten solicitudes por cr\u00e9ditos no contemplados en el presente reglamento o plazos diferentes, estos ser\u00e1n estudiados por la junta directiva previo conocimiento del criterio del gerente y podr\u00e1n ser aprobados con el objetivo de favorecer al asociado<\/p>\n","protected":false},"excerpt":{"rendered":"<p>Tasas de colocaci\u00f3n L\u00edneas de cr\u00e9dito Reglamento de cr\u00e9dito L\u00ednea Destino Requisitos Libre inversi\u00f3n Bajo esta modalidad se otorgan cr\u00e9ditos con el fin de satisfacer necesidades corrientes del asociado o su n\u00facleo familiar, que propenda por mejorar sus condiciones de<\/p>\n","protected":false},"author":1,"featured_media":0,"parent":0,"menu_order":0,"comment_status":"closed","ping_status":"closed","template":"","meta":{"footnotes":""},"class_list":["post-94","page","type-page","status-publish","hentry"],"_links":{"self":[{"href":"https:\/\/fodepa.com.co\/index.php\/wp-json\/wp\/v2\/pages\/94","targetHints":{"allow":["GET"]}}],"collection":[{"href":"https:\/\/fodepa.com.co\/index.php\/wp-json\/wp\/v2\/pages"}],"about":[{"href":"https:\/\/fodepa.com.co\/index.php\/wp-json\/wp\/v2\/types\/page"}],"author":[{"embeddable":true,"href":"https:\/\/fodepa.com.co\/index.php\/wp-json\/wp\/v2\/users\/1"}],"replies":[{"embeddable":true,"href":"https:\/\/fodepa.com.co\/index.php\/wp-json\/wp\/v2\/comments?post=94"}],"version-history":[{"count":13,"href":"https:\/\/fodepa.com.co\/index.php\/wp-json\/wp\/v2\/pages\/94\/revisions"}],"predecessor-version":[{"id":424,"href":"https:\/\/fodepa.com.co\/index.php\/wp-json\/wp\/v2\/pages\/94\/revisions\/424"}],"wp:attachment":[{"href":"https:\/\/fodepa.com.co\/index.php\/wp-json\/wp\/v2\/media?parent=94"}],"curies":[{"name":"wp","href":"https:\/\/api.w.org\/{rel}","templated":true}]}}